036 is divided by 42?
30
What is the remainder when 342525 is divided by 668?
509
What is the remainder when 2218660 is divided by 3103?
15
What is the remainder when 1638688 is divided by 1168?
1152
What is the remainder when 5153174 is divided by 11606?
110
What is the remainder when 8985747 is divided by 514?
513
What is the remainder when 46249278 is divided by 154?
152
What is the remainder when 1449851 is divided by 9476?
23
What is the remainder when 34394617 is divided by 2819?
2817
What is the remainder when 13909022 is divided by 776?
774
Calculate the remainder when 80549 is divided by 353.
65
Calculate the remainder when 75574 is divided by 471.
214
What is the remainder when 829555181 is divided by 218?
217
Calculate the remainder when 2724530 is divided by 36.
14
Calculate the remainder when 3655195 is divided by 75.
70
What is the remainder when 2383400 is divided by 661?
495
Calculate the remainder when 26216 is divided by 1144.
1048
What is the remainder when 549621 is divided by 21959?
646
What is the remainder when 11968303 is divided by 340?
303
What is the remainder when 274513 is divided by 1326?
31
Calculate the remainder when 114851 is divided by 183.
110
What is the remainder when 2086733 is divided by 3549?
3470
What is the remainder when 63107 is divided by 637?
44
What is the remainder when 4096215 is divided by 70622?
139
What is the remainder when 484546 is divided by 1743?
1735
What is the remainder when 704574 is divided by 1061?
70
What is the remainder when 66278 is divided by 66253?
25
What is the remainder when 20686330 is divided by 10343091?
148
Calculate the remainder when 457660 is divided by 166.
164
What is the remainder when 1140206 is divided by 4?
2
What is the remainder when 131045 is divided by 806?
473
Calculate the remainder when 520219 is divided by 37152.
91
Calculate the remainder when 2096891 is divided by 55.
16
Calculate the remainder when 15395313 is divided by 241.
233
Calculate the remainder when 5530537 is divided by 1843502.
31
Calculate the remainder when 3199720 is divided by 84.
76
Calculate the remainder when 533158 is divided by 133151.
554
Calculate the remainder when 48141 is divided by 23584.
973
Calculate the remainder when 279413786 is divided by 14.
8
What is the remainder when 2537828 is divided by 507556?
48
Calculate the remainder when 130508 is divided by 14420.
728
Calculate the remainder when 19667 is divided by 9827.
13
What is the remainder when 12696 is divided by 4054?
534
What is the remainder when 5876131 is divided by 28115?
96
What is the remainder when 1696343 is divided by 1174?
1087
Calculate the remainder when 141816 is divided by 70614.
588
Calculate the remainder when 21899389 is divided by 83.
5
Calculate the remainder when 788789 is divided by 1174.
1035
Calculate the remainder when 44879403 is divided by 244.
239
What is the remainder when 984302 is divided by 837?
827
What is the remainder when 115523 is divided by 38180?
983
What is the remainder when 33130393 is divided by 95?
93
Calculate the remainder when 275589 is divided by 343.
160
Calculate the remainder when 46366 is divided by 68.
58
Calculate the remainder when 840328105 is divided by 3188.
3185
Calculate the remainder when 20593811 is divided by 10296900.
11
Calculate the remainder when 87876 is divided by 41791.
4294
Calculate the remainder when 5927751 is divided by 1975913.
12
Calculate the remainder when 8330494 is divided by 324.
130
Calculate the remainder when 1520378 is divided by 62.
14
What is the remainder when 1768841 is divided by 759?
371
Calculate the remainder when 1867449 is divided by 3407.
413
Calculate the remainder when 33336 is divided by 17.
16
What is the remainder when 1591047 is divided by 38?
25
What is the remainder when 2533453 is divided by 1885?
13
What is the remainder when 7974501 is divided by 36?
33
What is the remainder when 59217 is divided by 4550?
67
What is the remainder when 205342807 is divided by 773?
768
What is the remainder when 2797932 is divided by 2203?
122
What is the remainder when 761066742 is divided by 13532?
13530
What is the remainder when 14226676 is divided by 260?
256
Calculate the remainder when 31248 is divided by 7717.
380
What is the remainder when 6072766 is divided by 22?
18
What is the remainder when 811931 is divided by 1995?
1961
What is the remainder when 1168261 is divided by 981?
871
What is the remainder when 83119783 is divided by 28?
19
What is the remainder when 479246 is divided by 477911?
1335
Calculate the remainder when 167324 is divided by 8221.
2904
Calculate the remainder when 572623 is divided by 509.
507
What is the remainder when 27857835 is divided by 7734?
7701
What is the remainder when 542366 is divided by 271176?
14
Calculate the remainder when 547748 is divided by 24897.
14
Calculate the remainder when 4606956 is divided by 1151729.
40
What is the remainder when 131312919 is divided by 2540?
2539
What is the remainder when 1478803 is divided by 105628?
11
Calculate the remainder when 4255591 is divided by 53.
9
Calculate the remainder when 24067248 is divided by 10.
8
Calculate the remainder when 1533640 is divided by 418.
416
What is the remainder when 1496838 is divided by 748381?
76
What is the remainder when 22977234 is divided by 4595439?
39
Calculate the remainder when 602900601 is divided by 54.
51
Calculate the remainder when 463323 is divided by 1046.
991
What is the remainder when 1289548 is divided by 678?
670
What is the remainder when 44679373 is divided by 2115?
2113
Calculate the remainder when 2431451 is divided by 2001.
236
Calculate the remainder when 134218018 is divided by 42.
4
Calculate the remainder when 131145 is divided by 343.
119
Calculate the remainder when 45549 is divided by 45333.
216
Calculate the remainder when 4571795 is divided by 48636.
11
Calculate the remainder when 6365381 is divided by 93.
89
What is the remainder when 4468076 is divided by 171?
17
What is the remainder when 3309088 is divided by 334?
150
Calculate the remainder when 7219997 is divided by 45696.
29
Calculate the remainder when 8067615 is divided by 14458.
51
What is the remainder when 255970 is divided by 7537?
7249
What is the remainder when 18410162 is divided by 69?
65
Calculate the remainder when 754669 is divided by 17132.
861
What is the remainder when 24506594 is divided by 2139?
71
Calculate the remainder when 4052946 is divided by 81.
30
Calculate the remainder when 141208 is divided by 4553.
65
What is the remainder when 15996707 is divided by 2285238?
41
Calculate the remainder when 1169982 is divided by 1169929.
53
Calculate the remainder when 5020052 is divided by 83666.
92
What is the remainder when 998877 is divided by 323?
161
Calculate the remainder when 191376 is divided by 3538.
324
What is the remainder when 4042963 is divided by 203?
15
What is the remainder when 14708247 is divided by 75?
72
What is the remainder when 2335802 is divided by 6067?
7
What is the remainder when 2465912 is divided by 273964?
236
What is the remainder when 6350439 is divided by 4900?
39
What is the remainder when 35473090 is divided by 866?
864
What is the remainder when 11047586 is divided by 8754?
38
Calculate the remainder when 86678 is divided by 6645.
293
What is the remainder when 227661 is divided by 57?
3
Calculate the remainder when 179186174 is divided by 189.
188
What is the remainder when 385984 is divided by 727?
674
Calculate the remainder when 136261 is divided by 1262.
1227
Calculate the remainder when 2005657 is divided by 3209.
32
Calculate the remainder when 115647 is divided by 4132.
4083
What is the remainder when 6379203 is divided by 3189591?
21
What is the remainder when 9212054 is divided by 18?
14
What is the remainder when 5172019 is divided by 23?
9
What is the remainder when 725567 is divided by 222?
71
Calculate the remainder when 1660815 is divided by 553269.
1008
Calculate the remainder when 2292476 is divided by 6669.
5009
Calculate the remainder when 489755 is divided by 25774.
49
What is the remainder when 1902683 is divided by 54?
47
Calculate the remainder when 14111598 is divided by 156.
150
What is the remainder when 1530392 is divided by 42?
38
Calc